p(u) + 5*t(u). Let q(o) = -24*o - 11. Let w(s) = f*z(s) - 2*q(s). What is w(-1)?
7
Suppose 4*m + 12 = 2*r, -3*r + 0*m = -5*m - 18. Let i(l) = -6*l + r*l - 7*l**3. Let y(t) = t - 9. Let c be y(8). Calculate i(c).
7
Let a(d) = 4*d**2 - 13*d + 11. Let u(p) = -11*p**2 + 38*p - 32. Let c(x) = -8*a(x) - 3*u(x). Suppose -5*v + 58 = 8. Calculate c(v).
8
Suppose 2*t - 1 = p + 3*t, 19 = p - 3*t. Let m(k) = -k**3 + 3*k**2 + k. Give m(p).
-12
Let y(u) = u + 15. Let k(t) = -2*t - 50. Let m(b) = 3*k(b) + 10*y(b). What is m(6)?
24
Let u(c) = -3*c**2 - 2*c + 7. Let d(z) = -7*z**2 - 4*z + 17. Let k(q) = 2*d(q) - 5*u(q). Calculate k(-6).
23
Let i(w) = -2*w - 6. Let q be 10/(-3) + 2 + (-30)/18. Calculate i(q).
0
Suppose 3*k + 8 = g, 6*g - 22 = -3*k + g. Let t(j) = 29*j - 1. Determine t(k).
-30
Let r be (-1)/3 - 4/6. Let h(m) be the third derivative of 0*m - 13*m**2 + 0*m**3 + 0 - 1/4*m**4. Give h(r).
6
Let l(p) = p + 6. Let w = 24 + -22. Let v be w + 1 + 0 - 1. Suppose -v + 4 = -3*x + 5*j, 5*x + 28 = -4*j. Calculate l(x).
2
Let c(b) = b**2 + 2*b - 5. Let p(v) = 2*v - 24. Let y be p(13). Suppose 4*g = y*g - 10. Determine c(g).
10
Suppose -9 = -0*x - 3*x. Let l(s) be the second derivative of s**4/12 - s**2 + 8*s. Let f(n) = n**2 - n - 1. Let y(w) = 5*f(w) - 4*l(w). Determine y(x).
-3
Let c(g) be the second derivative of g**2 + 1/2*g**3 + 0 + 20*g. Let x = -8 + 2. Calculate c(x).
-16
Let d(u) = -2*u**2 + 10*u - 1. Let y(j) = -j**2 + 9*j. Let k(b) = 2*d(b) - 3*y(b). Give k(-6).
4
Suppose -2*l + 1 + 3 = 0. Suppose r - 17 + 14 = 0. Let w(g) = -3*g**2 + l*g**2 + 4*g - r - 1. Give w(3).
-1
Let s(u) = 3*u**2 - 2*u + 1. Let g be s(1). Let p(v) = v**3 + v**2 - 3*v + 2. Let j(l) = -4*l**3 - 3*l**2 + 10*l - 6. Let h(b) = 2*j(b) + 7*p(b). What is h(g)?
-4
Let j(p) be the first derivative of p**4/12 - p**3/2 - p**2 - 10. Let o(x) be the second derivative of j(x). Calculate o(-3).
-9
Let r(j) be the second derivative of -19*j + 0 + 5/2*j**2 + 1/2*j**3 - 1/12*j**4. Determine r(5).
-5
Let j(n) = -n**2 + 6*n + 4. Let k = 36 - 37. Let h(t) = -1. Let b(m) = k*j(m) + 5*h(m). What is b(7)?
-2
Let f(t) = -t**3 - 7*t**2 - 5. Let i be (3/(-12))/(3 + (-39)/12). Let g(o) = -8*o + 1. Let c be g(i). Give f(c).
-5
Suppose q - 11 = -4*j + 2*j, -j + 3*q = -2. Let s(c) = c**3 - 6*c**2 + 3*c + 1. Calculate s(j).
-9
Let h(x) = x**3 - 19*x**2 + 18*x - 6. Suppose -2*a + 24 = 4*q, 0 = -4*q + 1 - 13. Calculate h(a).
-6
Let f(n) = -n**3 + 3*n**2 - 3*n + 1. Let s = -9 + 13. Suppose j + 0 = s. Suppose i + 2 = j. What is f(i)?
-1
Let v(r) be the first derivative of -r**2/2 - 7*r - 647. What is v(-9)?
2
Let f(s) = -10*s**2 - 15*s + 13. Let y(u) = -27*u**2 - 42*u + 39. Let g(k) = -8*f(k) + 3*y(k). Give g(-6).
13
Let z(i) = 3*i**3 + 20*i**2 - 8*i - 13. Let n be z(-7). Let w(l) = -l - 4. What is w(n)?
2
Let x be (-4 - 1/2)*2*-1. Let r be (-1 - (-3)/x)*-9. Let j(g) be the first derivative of -g**3/3 + 9*g**2/2 - 4*g - 1. Determine j(r).
14
Let z(d) = -d**2 + 1. Let s(b) = -7*b**2 - 9 - 30 + 42 - 2*b. Let q(h) = -s(h) + 6*z(h). What is q(-4)?
11
Let r be (-2)/6*(-14 + -1). Let u(z) = z**2 + 5*z - 16. Let a be u(-9). Let t(d) = a*d + 1 + 2 + d**2 - 25*d. Give t(r).
3
Let a(l) = -4*l - 3. Let b(u) = 3*u + 2. Let d be ((-6)/7)/((-14)/(-98)). Let g(t) = d*b(t) - 4*a(t). Give g(-1).
2
Let v(o) be the third derivative of o**6/120 - o**5/20 - 5*o**4/24 + o**3/3 + 35*o**2. What is v(4)?
-2
Let b(c) = -3*c**2 - 8*c + 7. Let q(s) = 2*s**2 + 9*s - 6. Let a(g) = -3*b(g) - 4*q(g). Give a(11).
-8
Let i(x) = -x + 6. Let a(g) = -g**2 - g - 5. Let z be a(-2). Determine i(z).
13
Let o(l) = -l**2 - 17*l - 64. Let r be o(-8). Let i(k) = 3*k - 16. Determine i(r).
8
Let w(n) = n + 3. Let y(j) = 4*j. Let r(s) = 15*s + 1. Let p(o) = 6*r(o) - 22*y(o). Let c(l) = -6*p(l) + 11*w(l). Suppose -6*b + 513 = 489. Calculate c(b).
-7
Let c = -439 + 430. Let t(o) = 2*o + 3. What is t(c)?
-15
Let v(b) = b**3 - b**2 + b - 1. Let o(t) = 2*t**3 - t**2 + 1. Suppose 4*g = 9*g - 5. Let z be o(g). Give v(z).
5
Let t(g) = -g**2 - 3*g - 5. Let a(o) = -3*o**2 - 6*o - 10. Let i(j) = 2*a(j) - 5*t(j). Let n be -2 + (16 - 10)/1. What is i(n)?
1
Let p(b) = b. Let x = -2 - 1. Let q(f) = 1. Let g(l) = l + 3. Let o(a) = g(a) + 3*q(a). Let s be o(x). Determine p(s).
3
Let t(b) = b**2 + 5*b + 3. Let o(f) = -4*f**2 - 3*f - 1. Let q = 72 + -114. Let k be 54/q - 2/(-7). Let j be o(k). Determine t(j).
-3
Suppose 5 = -5*z + 6*z. Let a(n) = 6*n + 3*n - n - 1 - z*n + n**2. Suppose 0 = q - 6*q - 15. Calculate a(q).
-1
Suppose 5*x - 42 = -7. Suppose -3*i = -4*s + 20, 2*i = 2*s - x - 7. Let p(h) = -h - 2. Calculate p(i).
6
Let c(x) = -x**3 + 6*x - 2. Let p(y) = -y**2 + 3*y + 1. Let j(h) = h**2 - 4*h - 1. Let o(w) = -2*j(w) - 3*p(w). Let f(a) = c(a) + o(a). Determine f(3).
-6
Let y(c) = 2*c + 54*c**2 - 11*c**3 - 52*c**2 + 4 - 3. Calculate y(-1).
12
Let i(t) be the third derivative of t**6/120 - 7*t**5/60 - 5*t**4/12 + 7*t**3/6 + 251*t**2. What is i(8)?
-9
Let b(m) = -11*m + 2. Suppose 52 = -i - 3*i. Suppose -393 = 7*h - 498. Let c = i + h. Calculate b(c).
-20
Let s(l) = 13*l + 7. Let d(v) = -4 + 0 + v - 8*v. Let f(t) = -11*d(t) - 6*s(t). Calculate f(-2).
4
Let l(u) = -4*u - 134*u**2 - 24 - 7*u + 135*u**2. Determine l(13).
2
Let t(i) = i - 13. Let f(v) = v**2 + v + 12. Let m be f(-9). Suppose 9*n - m = -3*n. Calculate t(n).
-6
Let g(h) = 4*h**3 - 13*h**2 + 23*h + 8. Let q(l) = 5*l**3 - 15*l**2 + 28*l + 7. Let b(z) = 4*g(z) - 3*q(z). Determine b(5).
1
Let f(h) = 4*h**2 - 2*h - 10. Let r(b) = b**2 + b - 1. Let d be 5 - 3/(-12)*0. Let g(n) = d*r(n) - f(n). Calculate g(-4).
-7
Let k(s) = -3*s**2 - 7*s. Let n = 147 - 152. What is k(n)?
-40
Suppose 5*k - 20 = 50. Suppose 16*y - 14*y - k = 0. Let o(l) = l - 14. Calculate o(y).
-7
Let r(l) be the third derivative of -11*l**4/24 + l**3/6 + 2*l**2 + 22. Calculate r(-1).
12
Suppose v + 2*q = 3, -v + 2*q - 4 = -3. Let d(g) = -79*g**3 - 4*g**2 + 7*g + 15. Let x(n) = -21*n**3 - n**2 + 2*n + 4. Let p(s) = -3*d(s) + 11*x(s). Give p(v).
7
Let v(a) = a**3 + 4*a**2 + 2*a - 2. Let t = -40 + 43. Suppose -t*x - 2*x = -15. Suppose -1 = 4*g + g - x*c, -1 = -g + c. What is v(g)?
2
Let i be -1 + 1 + 0 - 1. Let o(j) = j**3 + 5*j**2 - 6*j + 3. Let h be o(-6). Let u(c) = 8*c + 3*c - h*c. What is u(i)?
-8
Suppose n - 5 = -11. Let d(c) = c**2. Let g(k) = k**2 - 1. Let l(u) = -10*u**2 - 10*u - 2. Let q(f) = 6*g(f) + l(f). Let h(v) = 3*d(v) + q(v). Give h(n).
16
Let w(d) = 10*d - 16. Let b(r) = 29*r - 54. Let y(x) = -3*b(x) + 8*w(x). Give y(4).
6
Let p(q) = -2*q - 1. Let a(l) be the first derivative of l**4/4 + 16*l**3/3 - l**2 - 37*l - 5. Let b be a(-16). Give p(b).
9
Suppose 24 = 3*q + 5*f + 3, -2*q + 4*f + 14 = 0. Suppose -q*z - 4 = -6*z. Let y(j) = -6 - 1 + 3 - 2*j. Calculate y(z).
4
Let b(u) be the second derivative of -u**5/12 + 5*u**3/3 + u. Let r(p) be the second derivative of b(p). Determine r(1).
-10
Let j = 172 - 174. Let q(b) be the third derivative of -b**4/6 - b**3/2 + b**2. What is q(j)?
5
Let u(w) be the second derivative of 2*w - 1/2*w**2 - 17/3*w**3 - 11. Determine u(-1).
33
Let y(m) = -4*m**2 + 17*m + 8. Let l(k) = 9*k**2 - 36*k - 17. Let p(z) = -3*l(z) - 7*y(z). What is p(12)?
7
Let h be ((0 - -2)*-5)/(2/(-1)). Let d(m) = h*m - 1 - 9 - 8 - 4*m. Determine d(9).
-9
Let v(q) be the second derivative of q**3 + 0*q**2 - 1/20*q**5 + 1/3*q**4 + 19*q + 0. Give v(5).
5
Let j(c) = c**3 - 15*c**2 + 13*c + 12. Suppose -29*w + 461 = 55. Calculate j(w).
-2
Let z = -353 - -349. Let k(y) be the first derivative of y**3/3 + 3*y**2 + 5*y - 1. Determine k(z).
-3
Let u(w) = -934*w + 1877*w - 945*w + 3. What is u(5)?
-7
Suppose 58 - 6 = 4*m. Suppose -m*c = -18*c. Let y(k) = k**2. Determine y(c).
0
Let a(q) = 3*q**2 + 2*q - 1. Let w(m) = m + 4. Let j be w(-6). Let f(n) = -n**2. Let v(s) = -7*s**2 - s + 4. Let x(b) = 6*f(b) - v(b). Let o be x(j). Give a(o).
7
Let o(n) = 2*n**2 + 5*n + 3. Let p be (3 + (-8)/4)*52. Let j = p + -55. Calculate o(j).
6
Let q be 5 - 4/(-4) - 3. Let y(k) = k**3 - 2*k**2 + 3*k - 3. Give y(q).
15
Suppose 0 = -m + 2, -3*m = 3*l - 2*l - 4. Let t(s) be the third derivative of -s**4/4 - s**3/6 - 21*s**2. Determine t(l).
11
Suppose 5*g + 22 = -3*s, 0 = -s - 4*g + 10 - 29. Let j be s + 5 + 0 - (1 + -1). Let i(f) be the second derivative of